{"id":25316,"date":"2020-10-05T10:33:37","date_gmt":"2020-10-05T12:33:37","guid":{"rendered":"https:\/\/www.leltec.de\/?page_id=25316"},"modified":"2022-02-19T13:58:07","modified_gmt":"2022-02-19T13:58:07","slug":"ausbildung","status":"publish","type":"page","link":"https:\/\/www.leltec.com\/?page_id=25316","title":{"rendered":"Ausbildung"},"content":{"rendered":"<p>[et_pb_section fb_built=&#8220;1&#8243; admin_label=&#8220;section&#8220; _builder_version=&#8220;3.22&#8243; global_colors_info=&#8220;{}&#8220;][et_pb_row admin_label=&#8220;row&#8220; _builder_version=&#8220;4.5.7&#8243; background_size=&#8220;initial&#8220; background_position=&#8220;top_left&#8220; background_repeat=&#8220;repeat&#8220; custom_padding=&#8220;|14px||14px|false|false&#8220; border_radii=&#8220;on|6px|6px|6px|6px&#8220; box_shadow_style=&#8220;preset6&#8243; global_colors_info=&#8220;{}&#8220;][et_pb_column type=&#8220;4_4&#8243; _builder_version=&#8220;3.25&#8243; custom_padding=&#8220;|||&#8220; global_colors_info=&#8220;{}&#8220; custom_padding__hover=&#8220;|||&#8220;][et_pb_text admin_label=&#8220;Text&#8220; _builder_version=&#8220;4.5.7&#8243; background_size=&#8220;initial&#8220; background_position=&#8220;top_left&#8220; background_repeat=&#8220;repeat&#8220; border_radii=&#8220;on|6px|6px|6px|6px&#8220; global_colors_info=&#8220;{}&#8220;]<\/p>\n<p><a href=\"https:\/\/www.kisters-stiftung.de\/\"><img loading=\"lazy\" decoding=\"async\" src=\"https:\/\/www.leltec.de\/wp-content\/uploads\/Kisters-Stiftung-1-300x223.jpg\" alt=\"\" class=\"wp-image-25345 alignnone size-medium\" style=\"display: block; margin-left: auto; margin-right: auto;\" width=\"300\" height=\"223\" \/><\/a><\/p>\n<p style=\"text-align: center;\">In diesem Jahr bilden wir Elektroniker f\u00fcr Betriebstechnik im Ausbildungsverbund mit der Kisters Stiftung in 47533 Kleve aus.<\/p>\n<p style=\"text-align: center;\">Dieses erm\u00f6glicht uns eine fundierte Ausbildung in allen Bereichen der Betriebspraktik und dar\u00fcber hinaus. Die Auszubildenden erhalten notwendige Grund- und weiterf\u00fchrende Erfahrungen\/Sachgrundlagen in der Pneumatik, Hydraulik, Elektrotechnik, CNC, SPS&#8230;<\/p>\n<p style=\"text-align: center;\">Diese Ma\u00dfnahme wird mit finanzieller Unterst\u00fctzung des Landes Nordrhein-Westfalen und des Europ\u00e4ischen Sozialfonds durchgef\u00fchrt.<\/p>\n<p>\u00a0<a href=\"https:\/\/www.kisters-stiftung.de\/\"><img loading=\"lazy\" decoding=\"async\" src=\"https:\/\/www.leltec.de\/wp-content\/uploads\/eu_esf-nrw_mags_fh_4c-logo-300x48.png\" alt=\"\" class=\"wp-image-25351 alignnone size-medium\" style=\"display: block; margin-left: auto; margin-right: auto;\" width=\"294\" height=\"47\" \/><\/a><\/p>\n<p>[\/et_pb_text][\/et_pb_column][\/et_pb_row][\/et_pb_section]<\/p>\n","protected":false},"excerpt":{"rendered":"<p>In diesem Jahr bilden wir Elektroniker f\u00fcr Betriebstechnik im Ausbildungsverbund mit der Kisters Stiftung in 47533 Kleve aus. Dieses erm\u00f6glicht uns eine fundierte Ausbildung in allen Bereichen der Betriebspraktik und dar\u00fcber hinaus. Die Auszubildenden erhalten notwendige Grund- und weiterf\u00fchrende Erfahrungen\/Sachgrundlagen in der Pneumatik, Hydraulik, Elektrotechnik, CNC, SPS&#8230; Diese Ma\u00dfnahme wird mit finanzieller Unterst\u00fctzung des Landes [&hellip;]<\/p>\n","protected":false},"author":1,"featured_media":0,"parent":0,"menu_order":0,"comment_status":"closed","ping_status":"closed","template":"","meta":{"_et_pb_use_builder":"on","_et_pb_old_content":"","_et_gb_content_width":"","_uag_custom_page_level_css":"","footnotes":""},"class_list":["post-25316","page","type-page","status-publish","hentry"],"uagb_featured_image_src":{"full":false,"thumbnail":false,"medium":false,"medium_large":false,"large":false,"1536x1536":false,"2048x2048":false,"et-pb-post-main-image":false,"et-pb-post-main-image-fullwidth":false,"et-pb-portfolio-image":false,"et-pb-portfolio-module-image":false,"et-pb-portfolio-image-single":false,"et-pb-gallery-module-image-portrait":false,"et-pb-post-main-image-fullwidth-large":false,"et-pb-image--responsive--desktop":false,"et-pb-image--responsive--tablet":false,"et-pb-image--responsive--phone":false},"uagb_author_info":{"display_name":"admin","author_link":"https:\/\/www.leltec.com\/?author=1"},"uagb_comment_info":0,"uagb_excerpt":"In diesem Jahr bilden wir Elektroniker f\u00fcr Betriebstechnik im Ausbildungsverbund mit der Kisters Stiftung in 47533 Kleve aus. Dieses erm\u00f6glicht uns eine fundierte Ausbildung in allen Bereichen der Betriebspraktik und dar\u00fcber hinaus. Die Auszubildenden erhalten notwendige Grund- und weiterf\u00fchrende Erfahrungen\/Sachgrundlagen in der Pneumatik, Hydraulik, Elektrotechnik, CNC, SPS... Diese Ma\u00dfnahme wird mit finanzieller Unterst\u00fctzung des Landes&hellip;","_links":{"self":[{"href":"https:\/\/www.leltec.com\/index.php?rest_route=\/wp\/v2\/pages\/25316","targetHints":{"allow":["GET"]}}],"collection":[{"href":"https:\/\/www.leltec.com\/index.php?rest_route=\/wp\/v2\/pages"}],"about":[{"href":"https:\/\/www.leltec.com\/index.php?rest_route=\/wp\/v2\/types\/page"}],"author":[{"embeddable":true,"href":"https:\/\/www.leltec.com\/index.php?rest_route=\/wp\/v2\/users\/1"}],"replies":[{"embeddable":true,"href":"https:\/\/www.leltec.com\/index.php?rest_route=%2Fwp%2Fv2%2Fcomments&post=25316"}],"version-history":[{"count":10,"href":"https:\/\/www.leltec.com\/index.php?rest_route=\/wp\/v2\/pages\/25316\/revisions"}],"predecessor-version":[{"id":25380,"href":"https:\/\/www.leltec.com\/index.php?rest_route=\/wp\/v2\/pages\/25316\/revisions\/25380"}],"wp:attachment":[{"href":"https:\/\/www.leltec.com\/index.php?rest_route=%2Fwp%2Fv2%2Fmedia&parent=25316"}],"curies":[{"name":"wp","href":"https:\/\/api.w.org\/{rel}","templated":true}]}}