{"id":654,"date":"2012-12-07T02:19:14","date_gmt":"2012-12-07T02:19:14","guid":{"rendered":"http:\/\/leltec.de\/?page_id=654"},"modified":"2023-08-13T13:01:35","modified_gmt":"2023-08-13T13:01:35","slug":"aufzugservice","status":"publish","type":"page","link":"https:\/\/www.leltec.com\/?page_id=654","title":{"rendered":"Aufzugservice"},"content":{"rendered":"<p>[et_pb_section fb_built=&#8220;1&#8243; _builder_version=&#8220;4.16&#8243; global_colors_info=&#8220;{}&#8220;][et_pb_row _builder_version=&#8220;4.16&#8243; background_size=&#8220;initial&#8220; background_position=&#8220;top_left&#8220; background_repeat=&#8220;repeat&#8220; custom_padding=&#8220;|12px||12px|false|false&#8220; border_radii=&#8220;on|6px|6px|6px|6px&#8220; box_shadow_style=&#8220;preset6&#8243; global_colors_info=&#8220;{}&#8220;][et_pb_column type=&#8220;4_4&#8243; _builder_version=&#8220;4.16&#8243; custom_padding=&#8220;|||&#8220; global_colors_info=&#8220;{}&#8220; custom_padding__hover=&#8220;|||&#8220;][et_pb_text _builder_version=&#8220;4.16&#8243; background_size=&#8220;initial&#8220; background_position=&#8220;top_left&#8220; background_repeat=&#8220;repeat&#8220; global_colors_info=&#8220;{}&#8220;]<\/p>\n<p>Aufz\u00fcge sind bedeutende und langlebige Investitionen, die rasch an Wert verlieren, wenn man sie vernachl\u00e4ssigt. Wir helfen, Werte zu konservieren \u2013 unser Aufzugservice macht es m\u00f6glich! Die Wartungsintervalle der Aufzuganlage\/n werden individuell je nach Nutzung, Alter, sicherheitstechnischer Beschaffenheit und Umgebungsfeld bestimmt.<\/p>\n<p>Aufgrund unserer langj\u00e4hrigen Erfahrung\u00a0 bieten wir Ihnen fundierte und spezielle Kenntnisse in der Aufzugmontage- und Betreuung.<\/p>\n<p>Elektrische Sicherheit, wir \u00fcberpr\u00fcfen Ihren Aufzug alle 4 Jahre nach DGUV V3<\/p>\n<ul>\n<li>T\u00dcV-Begleitung bei den Hauptpr\u00fcfungen<\/li>\n<li>Energie Einsparma\u00dfnahmen<\/li>\n<li>Modernisierung<\/li>\n<li>Reparatur<\/li>\n<li>und vieles mehr&#8230;<\/li>\n<\/ul>\n<p>Wir bieten unseren Kunden zukunftsorientierte L\u00f6sungen f\u00fcr ihre individuellen Bed\u00fcrfnisse, die auf unserer langj\u00e4hrigen Erfahrung in der Aufzugstechnik aufbauen. Insbesondere im Falle der Wartung wird die Sicherheit und optimale Funktionalit\u00e4t der betreuten Aufzuganlage\/n gew\u00e4hrleistet.<\/p>\n<p>Betriebssicherheit nach dem aktuellen Stand der Technik.<br \/>Nach dem Betriebssicherheitsgesetz erf\u00fcllen Sie die aktuellen Anforderungen.<br \/>Einen deutlich verringerten Energiebedarf durch modernste Komponenten.<br \/>Durch einen Fernnotruf st\u00e4ndige Anbindung an einen Leitstand, der 24 Stunden ganzj\u00e4hrig zur Verf\u00fcgung steht, was f\u00fcr Sie eine sofortige Reaktion im Notfall bedeutet.<br \/>Einen deutlich erh\u00f6hten Fahrkomfort (Haltegenauigkeit, Anfahr- und Einfahrverhalten).<br \/>Alle Komponenten sind auf dem freien Markt erh\u00e4ltlich.<\/p>\n<p>Sprechen Sie uns an, wir beraten Sie gerne.<\/p>\n<p>\u00dcberzeugen Sie sich von der hervorragenden Qualit\u00e4t unserer Dienstleistung. Wir w\u00fcrden uns freuen, Sie schon bald in unserem Kundenkreis begr\u00fc\u00dfen zu k\u00f6nnen.\u00a0<\/p>\n<p><span style=\"color: #4b6b94;\">Hier ein Beispiel zum Getriebe\u00f6lwechsel:<\/span><\/p>\n<p><span style=\"color: #4b6b94;\">Gerne wird bei Aufzuganlagen auf einen \u00d6lwechsel verzichtet, teilweise mit verheerenden Folgen wie z.b.:<\/span><\/p>\n<p><span style=\"color: #4b6b94;\">\u2022\u00a0\u00a0 \u00a0Ausfall des Getriebes<\/span><\/p>\n<p>\u2022\u00a0\u00a0 \u00a0Ausfall des Liftregelventiles bei Hydraulikern<\/p>\n<p>\u2022\u00a0\u00a0 \u00a0Festfressen von Lagern<\/p>\n<p><span style=\"color: #4b6b94;\">Dieses kann und wird in der Regel mit hohen Kosten verbunden sein. Sorgen Sie rechtzeitig vor.<\/span><\/p>\n<p><a href=\"http:\/\/www.ke-next.de\/technik\/fluidtechnik\/wenn-ein-hydraulikol-vorschnell-altert-123.html\" target=\"_blank\" rel=\"noopener noreferrer\"><span style=\"color: #4b6b94;\"><\/span><\/a><\/p>\n<p><span style=\"color: #4b6b94;\">Getriebe bis 5,9 Liter Getriebe\u00f6l in entsprechender G\u00fcteklasse:\u00a0\u00a0\u00a0\u00a0\u00a0\u00a0\u00a0\u00a0\u00a0\u00a0\u00a0\u00a0\u00a0\u00a0\u00a0\u00a0\u00a0\u00a0\u00a0\u00a0\u00a0\u00a0\u00a0\u00a0 \u00a0\u00a0 280,00\u20ac inkl. MwSt.\u00a0\u00a0\u00a0\u00a0\u00a0 \u00a0<\/span><\/p>\n<p>Getriebe ab 6,0\u00a0 bis 10 Liter Getriebe\u00f6l in entsprechender G\u00fcteklasse:\u00a0\u00a0\u00a0\u00a0\u00a0\u00a0\u00a0\u00a0\u00a0\u00a0\u00a0\u00a0\u00a0\u00a0\u00a0 320,00\u20ac inkl. MwSt. \u00a0<\/p>\n<p><span style=\"color: #4b6b94;\">Hydraulik\u00f6l bis 199 Liter\u00a0 im Aggregat in entsprechender G\u00fcteklasse:\u00a0\u00a0\u00a0\u00a0\u00a0\u00a0\u00a0\u00a0\u00a0\u00a0\u00a0\u00a0\u00a0\u00a0\u00a0\u00a0\u00a0 970,00\u20ac inkl. MwSt. \u00a0<\/span><\/p>\n<p>Hydraulik\u00f6l ab 200 bis 250 Liter\u00a0 im Aggregat in entsprechender G\u00fcteklasse:\u00a0\u00a0\u00a0\u00a0 1270,00\u20ac inkl. MwSt. \u00a0<\/p>\n<p><span style=\"color: #4b6b94;\">Inklusive fachgerechter Entsorgung des Alt\u00f6les. F\u00fcr gr\u00f6\u00dfere Mengen fragen Sie bei uns an. Die Arbeiten werden in unserem Einzugsgebiet (KFZ-Fahrtzeit &lt; 40 min.) durchgef\u00fchrt.<\/span><\/p>\n<p><span style=\"color: #4b6b94;\"><\/span><\/p>\n<p><strong><span style=\"color: #4b6b94;\">Hier ein Beispiel f\u00fcr defekte Frequenzumrichter:<\/span><\/strong><\/p>\n<p><span style=\"color: #4b6b94;\">Frequenzumrichter lassen wir aus Kostengr\u00fcnden f\u00fcr unsere Kunden reparieren, dieses beinhaltet eine 1 j\u00e4hrige Garantie. Hier werden alle Verschlei\u00dfkomponenten ersetzt und der FU einer gr\u00fcndlichen Pr\u00fcfung unterzogen.<\/span><\/p>\n<p><span style=\"color: #4b6b94;\">Am Niederrhein; Kreis Borken; Kreis Wesel bis zu einer Fahrtzeit von 1Std. demontieren und montieren wir die Frequenzumrichter in Eigenregie<\/span><\/p>\n<p>[\/et_pb_text][\/et_pb_column][\/et_pb_row][\/et_pb_section]<\/p>\n","protected":false},"excerpt":{"rendered":"<p>Aufz\u00fcge sind bedeutende und langlebige Investitionen, die rasch an Wert verlieren, wenn man sie vernachl\u00e4ssigt. Wir helfen, Werte zu konservieren \u2013 unser Aufzugservice macht es m\u00f6glich! Die Wartungsintervalle der Aufzuganlage\/n werden individuell je nach Nutzung, Alter, sicherheitstechnischer Beschaffenheit und Umgebungsfeld bestimmt. Aufgrund unserer langj\u00e4hrigen Erfahrung\u00a0 bieten wir Ihnen fundierte und spezielle Kenntnisse in der Aufzugmontage- [&hellip;]<\/p>\n","protected":false},"author":2,"featured_media":0,"parent":0,"menu_order":0,"comment_status":"closed","ping_status":"closed","template":"","meta":{"_et_pb_use_builder":"on","_et_pb_old_content":"Aufz\u00fcge sind bedeutende und langlebige Investitionen, die rasch an Wert verlieren, wenn man sie vernachl\u00e4ssigt. Wir helfen, Werte zu konservieren \u2013 unser Aufzugservice macht es m\u00f6glich! Die Wartungsintervalle der Aufzuganlage\/n werden individuell je nach Nutzung, Alter, sicherheitstechnischer Beschaffenheit und Umgebungsfeld bestimmt.\n\nAufgrund unserer langj\u00e4hrigen Erfahrung&nbsp; bieten wir Ihnen fundierte und spezielle Kenntnisse in der Aufzugsmontage- und Betreuung.\nOb Umbau oder Modernisierung wir arbeiten als zertifiziertes Unternehmen nach der DIN EN 13015, was f\u00fcr Sie, eine einwandfreie Abwicklung aller n\u00f6tigen Arbeiten und Komponenten beinhaltet.\n<ul>\n \t<li>\n\t\tElektrische Sicherheit, wir \u00fcberpr\u00fcfen Ihren Aufzug alle 4 Jahre nach DGUV V3<\/li>\n \t<li>\n\t\tT\u00dcV-Begleitung bei den Hauptpr\u00fcfungen<\/li>\n \t<li>\n\t\tEnergieeinsparma\u00dfnahmen<\/li>\n \t<li>\n\t\tModernisierung<\/li>\n \t<li>\n\t\tReparatur<\/li>\n \t<li>\n\t\tund vieles mehr...<\/li>\n<\/ul>\nWir bieten unseren Kunden zukunftsorientierte L\u00f6sungen f\u00fcr ihre individuellen Bed\u00fcrfnisse, die auf unserer langj\u00e4hrigen Erfahrung in der Aufzugstechnik aufbauen. Insbesondere im Falle der Wartung wird die Sicherheit und optimale Funktionalit\u00e4t der betreuten Aufzuganlage\/n gew\u00e4hrleistet.\n\nHier einige Vorteile die f\u00fcr eine Modernisierung vorhandener Aufzuganlagen sprechen:\n\nBetriebssicherheit nach dem aktuellen Stand der Technik.\nNach dem Betriebssicherheitsgesetz erf\u00fcllen Sie die aktuellen Anforderungen.\nEinen deutlich verringerten Energiebedarf durch modernste Komponenten.\nDurch einen Fernnotruf st\u00e4ndige Anbindung an einen Leitstand, der 24 Stunden ganzj\u00e4hrig zur Verf\u00fcgung steht, was f\u00fcr Sie eine sofortige Reaktion im Notfall bedeutet.\nEinen deutlich erh\u00f6hten Fahrkomfort (Haltegenauigkeit, Anfahr- und Einfahrverhalten).\nAlle Komponenten sind auf dem freien Markt erh\u00e4ltlich.\n\nSprechen Sie uns an, wir beraten Sie gerne.\n\n\u00dcberzeugen Sie sich von der hervorragenden Qualit\u00e4t unserer Dienstleistung. Wir w\u00fcrden uns freuen, Sie schon bald in unserem Kundenkreis begr\u00fc\u00dfen zu k\u00f6nnen.\n&nbsp;","_et_gb_content_width":"","_uag_custom_page_level_css":"","footnotes":""},"class_list":["post-654","page","type-page","status-publish","hentry"],"uagb_featured_image_src":{"full":false,"thumbnail":false,"medium":false,"medium_large":false,"large":false,"1536x1536":false,"2048x2048":false,"et-pb-post-main-image":false,"et-pb-post-main-image-fullwidth":false,"et-pb-portfolio-image":false,"et-pb-portfolio-module-image":false,"et-pb-portfolio-image-single":false,"et-pb-gallery-module-image-portrait":false,"et-pb-post-main-image-fullwidth-large":false,"et-pb-image--responsive--desktop":false,"et-pb-image--responsive--tablet":false,"et-pb-image--responsive--phone":false},"uagb_author_info":{"display_name":"admin","author_link":"https:\/\/www.leltec.com\/?author=2"},"uagb_comment_info":0,"uagb_excerpt":"Aufz\u00fcge sind bedeutende und langlebige Investitionen, die rasch an Wert verlieren, wenn man sie vernachl\u00e4ssigt. Wir helfen, Werte zu konservieren \u2013 unser Aufzugservice macht es m\u00f6glich! Die Wartungsintervalle der Aufzuganlage\/n werden individuell je nach Nutzung, Alter, sicherheitstechnischer Beschaffenheit und Umgebungsfeld bestimmt. Aufgrund unserer langj\u00e4hrigen Erfahrung\u00a0 bieten wir Ihnen fundierte und spezielle Kenntnisse in der Aufzugmontage-&hellip;","_links":{"self":[{"href":"https:\/\/www.leltec.com\/index.php?rest_route=\/wp\/v2\/pages\/654","targetHints":{"allow":["GET"]}}],"collection":[{"href":"https:\/\/www.leltec.com\/index.php?rest_route=\/wp\/v2\/pages"}],"about":[{"href":"https:\/\/www.leltec.com\/index.php?rest_route=\/wp\/v2\/types\/page"}],"author":[{"embeddable":true,"href":"https:\/\/www.leltec.com\/index.php?rest_route=\/wp\/v2\/users\/2"}],"replies":[{"embeddable":true,"href":"https:\/\/www.leltec.com\/index.php?rest_route=%2Fwp%2Fv2%2Fcomments&post=654"}],"version-history":[{"count":7,"href":"https:\/\/www.leltec.com\/index.php?rest_route=\/wp\/v2\/pages\/654\/revisions"}],"predecessor-version":[{"id":25413,"href":"https:\/\/www.leltec.com\/index.php?rest_route=\/wp\/v2\/pages\/654\/revisions\/25413"}],"wp:attachment":[{"href":"https:\/\/www.leltec.com\/index.php?rest_route=%2Fwp%2Fv2%2Fmedia&parent=654"}],"curies":[{"name":"wp","href":"https:\/\/api.w.org\/{rel}","templated":true}]}}