{"id":669,"date":"2012-12-07T22:00:15","date_gmt":"2012-12-07T22:00:15","guid":{"rendered":"http:\/\/leltec.de\/?page_id=669"},"modified":"2019-08-10T16:00:28","modified_gmt":"2019-08-10T16:00:28","slug":"aufzugwartung","status":"publish","type":"page","link":"https:\/\/www.leltec.com\/?page_id=669","title":{"rendered":"Aufzugwartung"},"content":{"rendered":"<p>[et_pb_section fb_built=&#8220;1&#8243; admin_label=&#8220;section&#8220; _builder_version=&#8220;3.22&#8243;][et_pb_row admin_label=&#8220;row&#8220; _builder_version=&#8220;3.26.7&#8243; background_size=&#8220;initial&#8220; background_position=&#8220;top_left&#8220; background_repeat=&#8220;repeat&#8220; custom_padding=&#8220;|14px||14px|false|false&#8220; border_radii=&#8220;on|6px|6px|6px|6px&#8220; box_shadow_style=&#8220;preset6&#8243;][et_pb_column type=&#8220;4_4&#8243; _builder_version=&#8220;3.25&#8243; custom_padding=&#8220;|||&#8220; custom_padding__hover=&#8220;|||&#8220;][et_pb_text admin_label=&#8220;Text&#8220; _builder_version=&#8220;3.0.74&#8243; background_size=&#8220;initial&#8220; background_position=&#8220;top_left&#8220; background_repeat=&#8220;repeat&#8220; custom_padding=&#8220;||0px|||&#8220;]<\/p>\n<p style=\"text-align: justify;\"><span style=\"color: #4b6b94;\">Aufzuganlagen sind in der Regel individuell gefertigt und in ihren Bauteilen voneinander abweichend. Die hier dargestellten Leistungen geben Ihnen einen Einblick in die T\u00e4tigkeiten, die f\u00fcr eine funktionierende Aufzuganlage und deren Sicherheit unerl\u00e4sslich sind. Die Leltec GmbH ist nach der DIN EN 13015 zertifiziert.<\/span><\/p>\n<p style=\"text-align: justify;\"><span style=\"color: #4b6b94;\">&#8222;Herstellerunabh\u00e4ngige&#8220; Servicedienstleistung, ob OTIS; Kone, Thyssen, Schindler wir betreuen in unserem Portfolio alle Namhaften Hersteller von Aufzuganlagen. Die n\u00f6tigen Tools zur Bewirtschaftung der Aufzuganlagen sind bei uns vorhanden. Nat\u00fcrlich betreuen wir in diesem Zuge auch alle &#8222;Freien&#8220; Hersteller von Aufzugssteuerungen.<br \/><\/span><\/p>\n<p><em>\u00a0<\/em><\/p>\n<p>[\/et_pb_text][\/et_pb_column][\/et_pb_row][\/et_pb_section]<\/p>\n","protected":false},"excerpt":{"rendered":"<p>Aufzuganlagen sind in der Regel individuell gefertigt und in ihren Bauteilen voneinander abweichend. Die hier dargestellten Leistungen geben Ihnen einen Einblick in die T\u00e4tigkeiten, die f\u00fcr eine funktionierende Aufzuganlage und deren Sicherheit unerl\u00e4sslich sind. Die Leltec GmbH ist nach der DIN EN 13015 zertifiziert. &#8222;Herstellerunabh\u00e4ngige&#8220; Servicedienstleistung, ob OTIS; Kone, Thyssen, Schindler wir betreuen in unserem [&hellip;]<\/p>\n","protected":false},"author":2,"featured_media":0,"parent":0,"menu_order":0,"comment_status":"closed","ping_status":"closed","template":"","meta":{"_et_pb_use_builder":"on","_et_pb_old_content":"<p style=\"text-align: justify;\">\n\t<span style=\"color:#4b6b94;\">Aufzuganlagen sind in der Regel individuell gefertigt und in ihren Bauteilen voneinander abweichend. Die hier dargestellten Leistungen geben Ihnen einen Einblick in die T&auml;tigkeiten, die f&uuml;r eine funktionierende Aufzuganlage und deren Sicherheit unerl&auml;sslich sind. Die Leltec GmbH ist nach der DIN EN 13015 zertifiziert.<\/span>\n<\/p>\n\n<p>\n\t<em>Im Maschinenraum<\/em>\n<\/p>\n\n<dl class=\"separator\">\n\t<dt>\n\t\tMaschinenraum\n\t<\/dt>\n\t<dd>\n\t\tReinigen\n\t<\/dd>\n\t<dt>\n\t\tGetriebe\n\t<\/dt>\n\t<dd>\n\t\t&Ouml;lstand pr&uuml;fen und nachf&uuml;llen\n\t<\/dd>\n\t<dt>\n\t\tE-Motor\n\t<\/dt>\n\t<dd>\n\t\t&Ouml;lstand pr&uuml;fen und nachf&uuml;llen Tachodynamo pr&uuml;fen\n\t<\/dd>\n\t<dt>\n\t\tKupplung\n\t<\/dt>\n\t<dd>\n\t\tKupplungsgummi pr&uuml;fen\n\t<\/dd>\n\t<dt>\n\t\tLager\n\t<\/dt>\n\t<dd>\n\t\tPr&uuml;fen, &Ouml;lstand, Fett etc.\n\t<\/dd>\n\t<dt>\n\t\tFremdbel&uuml;ftung\n\t<\/dt>\n\t<dd>\n\t\tPr&uuml;fen, reinigen\n\t<\/dd>\n\t<dt>\n\t\tMechanische Bremse\n\t<\/dt>\n\t<dd>\n\t\tEinstellungen pr&uuml;fen Bremshub pr&uuml;fen und nachstellen Bremsbelagsst&auml;rke pr&uuml;fen\n\t<\/dd>\n\t<dt>\n\t\tAblenkrollen\n\t<\/dt>\n\t<dd>\n\t\tAbschmieren\n\t<\/dd>\n\t<dt>\n\t\tTragseile\n\t<\/dt>\n\t<dd>\n\t\tAuf Verschlei&szlig;, &ndash; Befestigung etc. pr&uuml;fen\n\t<\/dd>\n\t<dt>\n\t\tReglerseil\n\t<\/dt>\n\t<dd>\n\t\tAuf Verschlei&szlig;, &ndash; Befestigung pr&uuml;fen\n\t<\/dd>\n\t<dt>\n\t\tTreibscheibe\n\t<\/dt>\n\t<dd>\n\t\tKeilrillen pr&uuml;fen\n\t<\/dd>\n\t<dt>\n\t\tGeschwindigkeits- Begrenzer\n\t<\/dt>\n\t<dd>\n\t\tReinigen und pr&uuml;fen\n\t<\/dd>\n\t<dt>\n\t\tSteuerung\n\t<\/dt>\n\t<dd>\n\t\tApparateschrank reinigen Revisionsfahrt pr&uuml;fen Sch&uuml;tze pr&uuml;fen\n\t<\/dd>\n\t<dt>\n\t\tSchalttafel\n\t<\/dt>\n\t<dd>\n\t\tSicherungen pr&uuml;fen\n\t<\/dd>\n\t<dt>\n\t\tHydraulikaggregat\n\t<\/dt>\n\t<dd>\n\t\tSteuerblock reinigen\n\t<\/dd>\n<\/dl>\n\n<p>\n\t<em>An und auf der Kabine<\/em>\n<\/p>\n\n<dl class=\"separator\">\n\t<dt>\n\t\tKabinendach\n\t<\/dt>\n\t<dd>\n\t\tReinigen Tragseilbefestigung und Seilspannung pr&uuml;fen Laufrollen pr&uuml;fen Umlenkrollen pr&uuml;fen Fahrkorb- und Gegengewichtsf&uuml;hrungen schmieren Revisionsfahrt pr&uuml;fen Laufrollen pr&uuml;fen\n\t<\/dd>\n\t<dt>\n\t\tUnter der Kabine\n\t<\/dt>\n\t<dd>\n\t\tFu&szlig;bodenkontakte pr&uuml;fen H&auml;ngekabelaufh&auml;ngung pr&uuml;fen Untergurtaufh&auml;ngung pr&uuml;fen Tragseilbefestigung pr&uuml;fen\n\t<\/dd>\n\t<dt>\n\t\tGegengewicht\n\t<\/dt>\n\t<dd>\n\t\tLaufrollen pr&uuml;fen F&uuml;hrungsschuhe pr&uuml;fen Umlenkrollen pr&uuml;fen Sprungsicherheit pr&uuml;fen Untergurte pr&uuml;fen\n\t<\/dd>\n\t<dt>\n\t\tAn der Kabine\n\t<\/dt>\n\t<dd>\n\t\tFotozelle \/ Lichtvorhang pr&uuml;fen und reinigen Etagenanzeiger \/ L&auml;mpchen pr&uuml;fen etc. F&uuml;hrungsschuhe pr&uuml;fen\n\t<\/dd>\n<\/dl>\n\n<p>\n\t<em>Im Schacht<\/em>\n<\/p>\n\n<dl class=\"separator\">\n\t<dt>\n\t\tSchachtgrube\n\t<\/dt>\n\t<dd>\n\t\tReinigen &Ouml;lpuffer und Kontakte pr&uuml;fen Reglerspannrolle nachstellen bei hydraulischen Anlagen Rohrleitungen, Stempel und Leck&ouml;lapparatur pr&uuml;fen H&auml;ngekabel und Befestigung pr&uuml;fen\n\t<\/dd>\n\t<dt>\n\t\tSchachtkopf\n\t<\/dt>\n\t<dd>\n\t\tPr&uuml;fen der Verz&ouml;gerungskontroll- und Notendschalter\n\t<\/dd>\n\t<dt>\n\t\tSchacht\n\t<\/dt>\n\t<dd>\n\t\tSchachtbeleuchtung pr&uuml;fen F&uuml;hrungsschienen pr&uuml;fen\n\t<\/dd>\n<\/dl>\n\n<p>\n\tSchachtschiebet&uuml;ren\n<\/p>\n\n<dl class=\"separator\">\n\t<dt>\n\t\tT&uuml;rkontakte\n\t<\/dt>\n\t<dd>\n\t\tReinigen, pr&uuml;fen, nachstellen\n\t<\/dd>\n\t<dt>\n\t\tT&uuml;rverriegelungen\n\t<\/dt>\n\t<dd>\n\t\tPr&uuml;fen\n\t<\/dd>\n\t<dt>\n\t\tMitnehmerrollen\n\t<\/dt>\n\t<dd>\n\t\tPr&uuml;fen\n\t<\/dd>\n\t<dt>\n\t\tRollen\n\t<\/dt>\n\t<dd>\n\t\tReinigen, pr&uuml;fen, nachstellen\n\t<\/dd>\n\t<dt>\n\t\tT&uuml;rf&uuml;hrungen\n\t<\/dt>\n\t<dd>\n\t\tReinigen\n\t<\/dd>\n<\/dl>\n\n<p>\n\t<em>Kabinenschiebet&uuml;re<\/em>\n<\/p>\n\n<dl class=\"separator\">\n\t<dt>\n\t\tT&uuml;rf&uuml;hrungen\n\t<\/dt>\n\t<dd>\n\t\tReinigen\n\t<\/dd>\n\t<dt>\n\t\tRollen\n\t<\/dt>\n\t<dd>\n\t\tReinigen, pr&uuml;fen\n\t<\/dd>\n\t<dt>\n\t\tT&uuml;rantrieb\n\t<\/dt>\n\t<dd>\n\t\tPr&uuml;fen und spannen, schmieren etc\n\t<\/dd>\n\t<dt>\n\t\tSicherheitseinrichtung\n\t<\/dt>\n\t<dd>\n\t\tPr&uuml;fen und nachstellen\n\t<\/dd>\n\t<dt>\n\t\tAntriebsgest&auml;nge\n\t<\/dt>\n\t<dd>\n\t\tPr&uuml;fen\n\t<\/dd>\n\t<dt>\n\t\tKontakte am Antrieb\n\t<\/dt>\n\t<dd>\n\t\tPr&uuml;fen und nachstellen\n\t<\/dd>\n\t<dt>\n\t\tMagnet bzw. Bandbremse\n\t<\/dt>\n\t<dd>\n\t\tReinigen, pr&uuml;fen und nachstellen\n\t<\/dd>\n<\/dl>\n","_et_gb_content_width":"","_uag_custom_page_level_css":"","footnotes":""},"class_list":["post-669","page","type-page","status-publish","hentry"],"uagb_featured_image_src":{"full":false,"thumbnail":false,"medium":false,"medium_large":false,"large":false,"1536x1536":false,"2048x2048":false,"et-pb-post-main-image":false,"et-pb-post-main-image-fullwidth":false,"et-pb-portfolio-image":false,"et-pb-portfolio-module-image":false,"et-pb-portfolio-image-single":false,"et-pb-gallery-module-image-portrait":false,"et-pb-post-main-image-fullwidth-large":false,"et-pb-image--responsive--desktop":false,"et-pb-image--responsive--tablet":false,"et-pb-image--responsive--phone":false},"uagb_author_info":{"display_name":"admin","author_link":"https:\/\/www.leltec.com\/?author=2"},"uagb_comment_info":0,"uagb_excerpt":"Aufzuganlagen sind in der Regel individuell gefertigt und in ihren Bauteilen voneinander abweichend. Die hier dargestellten Leistungen geben Ihnen einen Einblick in die T\u00e4tigkeiten, die f\u00fcr eine funktionierende Aufzuganlage und deren Sicherheit unerl\u00e4sslich sind. Die Leltec GmbH ist nach der DIN EN 13015 zertifiziert. \"Herstellerunabh\u00e4ngige\" Servicedienstleistung, ob OTIS; Kone, Thyssen, Schindler wir betreuen in unserem&hellip;","_links":{"self":[{"href":"https:\/\/www.leltec.com\/index.php?rest_route=\/wp\/v2\/pages\/669","targetHints":{"allow":["GET"]}}],"collection":[{"href":"https:\/\/www.leltec.com\/index.php?rest_route=\/wp\/v2\/pages"}],"about":[{"href":"https:\/\/www.leltec.com\/index.php?rest_route=\/wp\/v2\/types\/page"}],"author":[{"embeddable":true,"href":"https:\/\/www.leltec.com\/index.php?rest_route=\/wp\/v2\/users\/2"}],"replies":[{"embeddable":true,"href":"https:\/\/www.leltec.com\/index.php?rest_route=%2Fwp%2Fv2%2Fcomments&post=669"}],"version-history":[{"count":2,"href":"https:\/\/www.leltec.com\/index.php?rest_route=\/wp\/v2\/pages\/669\/revisions"}],"predecessor-version":[{"id":25120,"href":"https:\/\/www.leltec.com\/index.php?rest_route=\/wp\/v2\/pages\/669\/revisions\/25120"}],"wp:attachment":[{"href":"https:\/\/www.leltec.com\/index.php?rest_route=%2Fwp%2Fv2%2Fmedia&parent=669"}],"curies":[{"name":"wp","href":"https:\/\/api.w.org\/{rel}","templated":true}]}}